. What is the greatest common factor of k and 57?
19
Let x(s) = -s**3 + 9*s**2 - 8*s + 6. Let b be x(7). What is the highest common divisor of b and 12?
12
Suppose 5*d - 182 - 78 = 0. Let a be 2*3/(-2) + 16. What is the highest common divisor of a and d?
13
Suppose 20 + 8 = 4*p + 4*u, -3*p - 5*u = -29. Let x = 5 - p. Suppose -8 = -4*s, -4*d = x*s - 107 - 9. Calculate the greatest common divisor of d and 4.
4
Let o = -10 - -17. Let f = -5 + o. What is the highest common factor of 2 and f?
2
Let x(w) = w**3 + 5*w**2 - 5*w - 5. Let c be x(-6). Let z = -6 - c. Let a = -53 - -63. What is the greatest common factor of a and z?
5
Suppose -i + t + t + 44 = 0, 3*t - 96 = -3*i. Let j be ((-12)/(-30))/((-3)/(-135)). Calculate the greatest common divisor of i and j.
18
Let x = 103 + -89. What is the highest common divisor of 14 and x?
14
Suppose -3 + 9 = j. Suppose j = 2*y + 18. Let g = y + 9. Calculate the greatest common divisor of 15 and g.
3
Suppose 3*x - 66 - 51 = -m, 2*m = x - 46. Let c = 9 + 7. Calculate the greatest common divisor of c and x.
8
Let r = -1 + 7. What is the greatest common factor of r and 24?
6
Let q(g) = 14*g**2 - 4*g + 12. Let t be q(-7). Suppose -4*j + j = -t. Calculate the highest common divisor of j and 22.
22
Suppose o - 3*o + 4 = 0. Suppose -o*b + 50 = -5*g, -b + 2*g + 6 + 17 = 0. What is the highest common divisor of 3 and b?
3
Let i = -155 - -230. Suppose -5*c + i = -25. Calculate the greatest common divisor of 160 and c.
20
Suppose -94 = 5*a - o - 1171, 0 = -5*a - o + 1083. Calculate the highest common factor of a and 54.
54
Suppose 85 = -24*c + 29*c. Calculate the greatest common divisor of c and 34.
17
Suppose 5*o = 4*o + 12. Calculate the greatest common divisor of o and 6.
6
Let q(t) = t**2. Let i be q(-2). Let r be 42/i*(-80)/(-15). What is the greatest common factor of 28 and r?
28
Suppose 0*j - 40 = -5*j. Suppose j = f - 3. Let t = 46 + 42. Calculate the highest common factor of f and t.
11
Let c(b) = -2*b + 20. Let n be c(-16). What is the highest common divisor of 13 and n?
13
Let s(t) = -2*t**3 - t + 3*t**3 + 2 - 2 + 2. Let d be s(2). Calculate the highest common factor of 32 and d.
8
Suppose -6*q + 2804 = -2*q. Suppose 2*k - 1048 = -4*p + p, 2*p = k + q. Suppose -6*y = -y - p. What is the highest common factor of 14 and y?
14
Let q = 95 - 55. Let l be (-32)/(-12) - 4/(-12). Suppose 4*w = l*k - 8*k + 415, 3*w + 2*k = 306. What is the greatest common factor of q and w?
20
Suppose u - 2*u = 6. Let v be 25 + 2*u/4. Calculate the greatest common factor of v and 55.
11
Let w be 681/18 - 3/(-18). What is the greatest common factor of 95 and w?
19
Suppose -3*s = -f - 7, -3 = f - s + 8. Let w = f + 6. Let y = 1 - w. What is the greatest common divisor of y and 2?
2
Let k be (7 - -1)*(-7)/(-28). Let x be -4*k/(16/(-126)). Calculate the greatest common factor of 7 and x.
7
Let a(f) = -12*f**3 - 2*f**2 + 1. Let w be a(1). Let c = w + 88. What is the highest common factor of 30 and c?
15
Let k be (1/2)/(2/40). Let j = 25 - k. What is the highest common divisor of 15 and j?
15
Let t be 2 + 2 - (-8 - -6). Suppose -3*l - 4 = -10. What is the highest common factor of l and t?
2
Let x(g) = 4*g + 4. Let o be x(5). Calculate the greatest common divisor of o and 192.
24
Let q be (2 + -1 - -5) + 0. Suppose -z - 25 = -q*z. Suppose 0 = n - 3*c + z*c - 24, -3*n + 92 = -4*c. What is the greatest common divisor of 70 and n?
14
Let b = 5 - 5. Suppose b = -0*l - 2*l - a + 113, 5*l - 290 = -5*a. What is the highest common factor of l and 11?
11
Let l = 156 + -59. Let b = l + -41. What is the greatest common divisor of b and 14?
14
Let r = 10 - 6. Suppose x - 6 - r = 0. Let s be x/2 + 0 + 2. What is the greatest common divisor of s and 28?
7
Suppose -11*g + 13*g = 42. Calculate the highest common divisor of g and 21.
21
Let b = 272 - 147. Let v be ((-136)/(-12) + -3)*3. What is the greatest common divisor of b and v?
25
Suppose -71 = -3*w - 2*x + 7*x, 5*w = x + 89. Suppose 0 = -i + 4, 3*k + 3*i + 2*i = 530. Calculate the highest common divisor of w and k.
17
Suppose -4*i - 2*y + 18 = y, 13 = i + 5*y. Let f be 2/i - 43/(-3). Suppose -2*h + n = h - 230, -2*h = -n - 155. Calculate the highest common divisor of f and h.
15
Let w(m) be the second derivative of -m**5/20 - m**4/6 + m**3/2 + m**2 + 7*m. Let d = -9 - -6. Let o be w(d). Calculate the greatest common divisor of 6 and o.
2
Let w(z) = -31*z - 1. Let g be w(1). Let d = -15 - g. Let p = d + 3. What is the highest common factor of 8 and p?
4
Let o be (-718)/(-14) - 0 - (-28)/(-98). What is the greatest common factor of 34 and o?
17
Suppose 3*l - 970 + 376 = 0. What is the greatest common divisor of 18 and l?
18
Let j = -40 + 28. Suppose 0 = u - 1 + 2. Let r be (-154)/j + u/(-6). Calculate the greatest common factor of r and 39.
13
Suppose -5*k + 1298 = -3*x, -k - 3*k = -5*x - 1041. Calculate the highest common divisor of k and 37.
37
Let k be (-28)/(-6)*2*3. Calculate the greatest common factor of 28 and k.
28
Let m(r) be the first derivative of 1/2*r**2 + 0*r + 1/3*r**3 + 3. Let h be m(-2). Calculate the highest common divisor of 2 and h.
2
Let o(v) be the first derivative of v**3/3 + 9*v**2/2 - 2*v + 1. Let y be o(-11). Let r = 75 - 25. Calculate the greatest common divisor of y and r.
10
Suppose 3*s - s = -3*z + 25, -3*s = -3*z. Suppose -s*a + 7*a - 12 = 0. What is the highest common factor of a and 66?
6
Suppose -2*p - o = -8, 0*o - 2*o + 12 = 3*p. Calculate the greatest common factor of 14 and p.
2
Suppose -s - 25 = -6*s. Suppose s = 3*h - 25. What is the highest common factor of h and 20?
10
Let c(x) = -x**2 - 8*x + 2. Let a be c(-5). Calculate the greatest common divisor of 272 and a.
17
Let y(f) = f**3 + 3*f**2 - 6*f - 6. Let r be y(-4). Let o be ((-2)/r)/(4/(-12)). Let w = -59 - -61. What is the highest common divisor of o and w?
1
Let h be (-24)/(-14) - 2/(-7). Suppose v = -h*d - 8, -5*d - 18 = 5*v + 7. Let a be (7 + v)*2*2. Calculate the greatest common divisor of 30 and a.
10
Let f = -15 + 35. Let x be -2 + 12 + 0/2. What is the highest common factor of f and x?
10
Let g = -91 + 30. Let x = 136 + g. Suppose 5*h = 4*h + x. What is the greatest common divisor of h and 15?
15
Let t(p) = 5*p - 104. Let z be t(24). Calculate the greatest common factor of 24 and z.
8
Let s be ((-3)/(-2))/(4/16). Let o = s + -4. Calculate the highest common factor of 2 and o.
2
Let n = 54 - 38. What is the greatest common factor of n and 80?
16
Let k = -15 + -4. Let r = -4 - k. Let o = r + -7. What is the highest common factor of o and 12?
4
Let y = 212 - 114. What is the highest common factor of 14 and y?
14
Suppose -2*y + 37 = 3. Let j = -3 + y. Calculate the greatest common divisor of 56 and j.
14
Suppose 10*n - 4*n - 108 = 0. What is the greatest common factor of 6 and n?
6
Suppose -1 = 3*a - 37. Calculate the highest common factor of a and 24.
12
Suppose 5*u = 5*t + 65, -4*u - 4*t = -2*t - 70. What is the greatest common factor of 16 and u?
16
Let i be (-24)/(-32) - (-1083)/12. Calculate the highest common divisor of 7 and i.
7
Let s(w) = -w**2 + w + 11. Let l be 0/(7/((-14)/4)). Let r be s(l). What is the greatest common factor of 55 and r?
11
Suppose -296 = -0*h - h. Calculate the highest common divisor of 37 and h.
37
Let y(f) be the first derivative of -2 - 1/3*f**3 + 1/4*f**4 + 3*f - 2*f**2. Let r be y(3). Calculate the highest common divisor of r and 3.
3
Let c(p) = p**3 + 8*p**2 + 16*p + 9. Let g be c(-5). Suppose 4*h - 11 = -l, 0*l + 2*h = -5*l + 1. Let m = 5 + l. What is the greatest common factor of m and g?
4
Suppose -3*w - 5 = -4*z + 3*z, 4*z - 4*w - 28 = 0. Let x be (-312)/(-32) + (-6)/z. Calculate the highest common divisor of 45 and x.
9
Suppose -5*p = j - 30, -4*j = 3*p - 0*p - 137. Calculate the highest common factor of 10 and j.
5
Let o be (-4)/14*(-2 + 6/(-4)). What is the highest common divisor of o and 2?
1
Suppose 35 = 2*a + 2*a - 3*y, -a = -5*y - 30. Suppose z + 0*z - 9 = 0. Let w = 44 - z. Calculate the greatest common divisor of w and a.
5
Suppose 0 = -0*f - 4*f + 832. Let h = -118 + f. Calculate the highest common divisor of 18 and h.
18
Suppose 4*h = -4*c + 28, -2*c = 5*h - 8 + 3. Suppose g - 3*g = -c. What is the highest common factor of 10 and g?
5
Let y(f) = f**2 